ime factors of b?
7
Let v = -121 + 297. What are the prime factors of v?
2, 11
Let k = 7 - -130. List the prime factors of k.
137
Suppose -4*s - 1 = -9. List the prime factors of s.
2
Suppose -4*r = -316 - 100. What are the prime factors of r?
2, 13
Let y(a) = -a**3 - 4*a**2 - 2*a - 5. List the prime factors of y(-5).
2, 3, 5
Let u(w) = -w**3 + 3*w**2 - 2*w. Let x be u(2). Suppose -3*l + 3*t + x*t + 36 = 0, -3*l + 4*t = -31. List the prime factors of l.
17
Suppose 2*n - 236 = 4*y, 9*n - 3*y + 354 = 12*n. List the prime factors of n.
2, 59
List the prime factors of (344 - (0 - 0)) + 0 + -3.
11, 31
Let s(g) = -2*g - 2. Let t be s(2). Let l = 9 + t. Suppose -4*u + l = -41. What are the prime factors of u?
11
Let x(d) = -3*d + 1 + 2 - d**2 - 5*d. List the prime factors of x(-8).
3
List the prime factors of (861/9)/(4/12).
7, 41
Let v be 2/(-2)*3*1. Let a(s) = 5*s - 2. Let h be a(v). Let k = -6 - h. What are the prime factors of k?
11
Let n = -7 - -43. What are the prime factors of n?
2, 3
Let t(h) = 4*h - 5*h - 4 + 2*h. List the prime factors of t(12).
2
Let f = 364 + -229. What are the prime factors of f?
3, 5
Let z(g) = -g**2 - 6*g - 4. Suppose -18 + 3 = 3*f. Let y be z(f). Let a(n) = 4*n - 1. What are the prime factors of a(y)?
3
Let k be (-2)/(-7) + 2754/14. Suppose z + 163 = -k. What are the prime factors of 2/(-7) - z/35?
2, 5
Let z be (-6)/(-4)*(0 + 2). Suppose g = 3*c - 13, -5*c + 9 = z*g - 8. List the prime factors of 2/g - -1*4.
2
Let b be (-73)/(-2) + (-13)/26. Suppose 17 + 37 = 3*h. List the prime factors of 64/b - (-4)/h.
2
Let u = -2 - -6. Suppose -5*q - 38 = -3*g - 0, u = -2*g - 4*q. What are the prime factors of g?
2, 3
Suppose 5*t - 2*y = 3*y + 10, -5*y - 17 = 2*t. Let i(b) = -b**3 + 3*b**2 - b + 1. Let f be i(2). List the prime factors of 10 - t - (0 - f).
2, 7
Let x(d) = d + 14. Let u be x(8). Suppose 2*q + q = 9. Suppose -q*l = -14 - u. What are the prime factors of l?
2, 3
Suppose 27*l + 1605 = 32*l. List the prime factors of l.
3, 107
Suppose -4*p - 16 = 0, -4*n + p + 4*p + 16 = 0. What are the prime factors of 1115/20 + n/(-4)?
2, 7
Let c(w) = w**2 - 6*w + 2. Let y = -15 + 24. List the prime factors of c(y).
29
Let j(a) be the first derivative of -1/2*a**2 + 8*a - 2. List the prime factors of j(-6).
2, 7
Let z(c) = -2*c - c**3 + 5*c**3 - 5 + 4*c**2 - 3*c**3. Let h be z(-4). Suppose 0*y - 3*y = 4*t - 7, -h*y - 29 = -5*t. List the prime factors of t.
2
Suppose 4 = 3*s - 11. Suppose s + 4 = 3*z. Suppose z*o - 76 = -o. What are the prime factors of o?
19
Suppose -14 - 8 = -z. List the prime factors of z.
2, 11
Let y(l) be the first derivative of 1/2*l**2 + 2*l + 3. List the prime factors of y(6).
2
Let n(l) be the third derivative of -l**4/2 + 2*l**3/3 + 2*l**2. Let k(p) = -8*p + 3. Let y(f) = -8*k(f) + 5*n(f). List the prime factors of y(3).
2
List the prime factors of (-3703)/(-42) - (-2)/(-12).
2, 11
Let d(a) = -a - 5. Let k = -6 - -1. Let b be d(k). Suppose -8*w + 3*w + 25 = b. List the prime factors of w.
5
Suppose -2*u - 3*u - 5*m + 270 = 0, -u = -5*m - 36. List the prime factors of u.
3, 17
What are the prime factors of -1*14/(-7)*403/2?
13, 31
Let c be 2*(-3)/(-9)*3. Let z = c + 7. List the prime factors of z.
3
Suppose 3*k + 3*t = 6, -k + 13 = -5*t - 1. Suppose 4*m = -4*s - k, 2*m - 14 = -2*s + 4*s. List the prime factors of m.
3
Let n(g) = 24*g - 43. What are the prime factors of n(7)?
5
Suppose 2*m - 522 = -170. What are the prime factors of m?
2, 11
Let p be (0 + 0)/(5 + -3). Suppose -q = -p*q - 22. What are the prime factors of q?
2, 11
Let q(a) = -a**2 - 6*a + 4. Suppose -5*k - 1 = j, j - k - 2 + 9 = 0. What are the prime factors of q(j)?
2
Suppose -y - 3 = 2*y. Let d = y + 5. List the prime factors of d.
2
Suppose 5*d - 1360 = -5*t, 0 = -d + 9*t - 6*t + 256. What are the prime factors of d?
2, 67
Suppose 5*c = -4*t + 50, -c + 10 = -0*c - 5*t. Let f be 0 - (-7)/(28/8). Let k = c - f. List the prime factors of k.
2
Let o be 4*(0 - (-100)/16). Suppose 3*r + 4*y = 49, r - o = -0*y + 3*y. List the prime factors of r.
19
Let o = 1005 - 700. List the prime factors of o.
5, 61
Let p(l) be the third derivative of 1/12*l**4 + 0*l + 0 + 4*l**2 - 1/3*l**3. What are the prime factors of p(6)?
2, 5
Let w = 42 - -73. What are the prime factors of w?
5, 23
Let k = 191 + -129. List the prime factors of k.
2, 31
Suppose -4*w + 31 - 179 = 0. Let a = w + 54. List the prime factors of a.
17
Suppose 0 = -4*l - l + 30. Suppose 2*t - l = -t. Suppose -7 = -t*n + 11. List the prime factors of n.
3
Let r be ((-3)/4)/(9/180). List the prime factors of (10/6)/((-5)/r).
5
Suppose 5*f = -0*f + 25. Let x(g) = -f*g**2 - 3*g**3 - 4*g + 1 + 2*g**3 - 4 + g**2. List the prime factors of x(-4).
13
Let n be -1*((-2 - -2) + 4). Let z(b) = 3*b + 3. Let d be z(n). Let x = d - -17. What are the prime factors of x?
2
Let k(j) = 6*j**2 + j**3 - 4*j + 2*j**2 - 6*j**2. List the prime factors of k(3).
3, 11
Suppose -2*r - 209 = -5*f, -2*f + 3*f + 3*r - 35 = 0. List the prime factors of f.
41
Suppose -6*n = -n + 5. List the prime factors of 6/((-3)/(3/n)).
2, 3
Let m = 84 + -9. Suppose 5*z + 3*k - 4*k = -m, 5*z + 75 = 3*k. What are the prime factors of (-12)/10*50/z?
2
Suppose -5*r + 92 = 17. Let c = 5 + r. List the prime factors of c.
2, 5
Suppose -4*t = g, -3*g + 2*t + 11 + 3 = 0. Suppose -g*j = -89 + 17. List the prime factors of j.
2, 3
Suppose -c + 63 = -3*u, -2*c + 0*u + 129 = -3*u. What are the prime factors of c?
2, 3, 11
Let i(p) = -5*p**3 - 2*p + 5. Let l(a) = -9*a**3 - a**2 - 3*a + 10. Let j(v) = 7*i(v) - 4*l(v). List the prime factors of j(-4).
3
Let p(z) = 2*z**2 - z + 45. What are the prime factors of p(9)?
2, 3, 11
Let d = -40 + 75. List the prime factors of d.
5, 7
Let x(b) = 2*b - 4. Let n be x(5). Let m be 6/(-9) + 40/n. Suppose -q - q + m = 0. What are the prime factors of q?
3
Suppose 5*x = -3*f - 1, 3*x + 3*f - 2*f = 1. Let i(c) = -2*c - x + 1 + 2. What are the prime factors of i(-3)?
2
Let d be 3/18 - 46/(-12). Suppose v - 3 = d. What are the prime factors of v?
7
Let v = -5 - -1. Let s be (1 - -1)*22/v. Let y = s - -18. List the prime factors of y.
7
Suppose -3*s - 4*h + 197 = -241, -438 = -3*s - 3*h. What are the prime factors of s?
2, 73
Suppose q = r + 2*r + 15, -5*r = 10. What are the prime factors of q?
3
Suppose 10 = -3*j + 5*j. Let f = -6 + 3. Let v = j + f. List the prime factors of v.
2
Let j = -1 - 9. What are the prime factors of (1 - 0)/(j/(-90))?
3
Let i(g) = -g**2 + 12*g - 9. Suppose 51 = 5*v - 4. What are the prime factors of i(v)?
2
Suppose -4*k + 5*k - 34 = 0. What are the prime factors of k?
2, 17
List the prime factors of ((-13)/3)/(11/(-429)).
13
Let c(z) = -z**3 + 3*z**2 + 5*z - 6. Let u be c(4). Let i(o) be the first derivative of 4*o**3/3 + 2*o - 2. What are the prime factors of i(u)?
2, 3
Let q(m) = 4*m**3 + 1. Let l be q(1). Let d(u) = -6 - 2*u + 3*u + 7. What are the prime factors of d(l)?
2, 3
Suppose 0 = -4*h + 2*m + 370, -h - 5*m = -8*m - 80. What are the prime factors of h?
5, 19
Let o(n) = 2*n - 1. Suppose 0 = -t + h - 1, -33 = -2*t - 2*h - 3*h. List the prime factors of o(t).
7
Let x(n) = -n**3 + n**2 + n + 31. List the prime factors of x(0).
31
Let d(v) = v + 1. Let x(z) = -5*z - 5. Let g(p) = 34*d(p) + 6*x(p). Let w(i) = 3*i + 4. Let q(k) = -4*g(k) + 5*w(k). What are the prime factors of q(-9)?
13
Let t(w) be the third derivative of w**5/5 + w**3/6 + w**2. Suppose 2*f + 4*c - 2*c = -10, 2*f = 2*c + 6. What are the prime factors of t(f)?
13
Suppose 16 = 4*t - c - c, 0 = 4*t - 3*c - 20. Suppose 4*h - t*h - 22 = 0. What are the prime factors of h?
11
Let c be 4/(-18) - (-38)/9. Suppose -c*w - x = -20, -3*x + 7*x = -w - 10. Suppose 2*p + w = 4*r, 4*p - 3*r - 8 = -0*r. What are the prime factors of p?
5
Let f(t) be the first derivative of 1/2*t**2 + 9*t + 1. What are the prime factors of f(0)?
3
Let s = -10 + 10. Let b(p) = -p**2 + 6. List the prime factors of b(s).
2, 3
Suppose 10 + 2 = b. Suppose 0 = 4*w + b, n + 2*n + w = 9. List the prime factors of n.
2
Let v(w) = -w**3 + 5*w**2 + 2*w - 7. Let j be v(5). Let i(p) = 0*p**2 - 4 - 4*p**2 + 2*p - p**3 + 3*p**2 + 0*p**j. List the prime factors of i(-3).
2
Let l = 34 - 57. Let f = -16 - l. List the prime factors of f.
7
Suppose 3*a + 11 = 2*s, 4*s - 3*a + 1